831914?
1
What is the hundreds digit of 289593?
5
What is the hundred thousands digit of 308487?
3
What is the millions digit of 3418627?
3
What is the thousands digit of 749816?
9
What is the hundreds digit of 13752274?
2
What is the ten millions digit of 10457734?
1
What is the thousands digit of 294421?
4
What is the units digit of 935691?
1
What is the hundreds digit of 27548553?
5
What is the hundred thousands digit of 2297211?
2
What is the hundreds digit of 498787?
7
What is the units digit of 1366731?
1
What is the ten thousands digit of 27815630?
1
What is the units digit of 3582178?
8
What is the hundreds digit of 780074?
0
What is the units digit of 379357?
7
What is the thousands digit of 220852?
0
What is the tens digit of 159271?
7
What is the tens digit of 726970?
7
What is the hundred thousands digit of 10160110?
1
What is the hundred thousands digit of 2197155?
1
What is the units digit of 4839364?
4
What is the units digit of 139122?
2
What is the tens digit of 164651?
5
What is the hundred thousands digit of 2372668?
3
What is the hundred thousands digit of 11458517?
4
What is the thousands digit of 84525?
4
What is the tens digit of 3507575?
7
What is the tens digit of 4361437?
3
What is the ten thousands digit of 85041?
8
What is the tens digit of 1014990?
9
What is the millions digit of 1666205?
1
What is the thousands digit of 2013093?
3
What is the hundreds digit of 78291?
2
What is the units digit of 1262822?
2
What is the millions digit of 3297892?
3
What is the hundreds digit of 1736800?
8
What is the hundreds digit of 1274086?
0
What is the thousands digit of 8655550?
5
What is the thousands digit of 130124?
0
What is the thousands digit of 325065?
5
What is the hundreds digit of 88712?
7
What is the tens digit of 1024023?
2
What is the tens digit of 902245?
4
What is the hundred thousands digit of 1084684?
0
What is the thousands digit of 26695448?
5
What is the hundred thousands digit of 11070544?
0
What is the millions digit of 11520490?
1
What is the hundreds digit of 32133?
1
What is the hundred thousands digit of 927153?
9
What is the thousands digit of 75319?
5
What is the hundred thousands digit of 563107?
5
What is the hundred thousands digit of 4318562?
3
What is the tens digit of 19987869?
6
What is the units digit of 20612155?
5
What is the ten thousands digit of 903895?
0
What is the ten thousands digit of 3040155?
4
What is the millions digit of 3493220?
3
What is the hundreds digit of 7815052?
0
What is the millions digit of 6899048?
6
What is the tens digit of 28614?
1
What is the hundreds digit of 1317951?
9
What is the ten millions digit of 20157001?
2
What is the hundreds digit of 2511148?
1
What is the hundred thousands digit of 461844?
4
What is the ten thousands digit of 481276?
8
What is the ten thousands digit of 5739161?
3
What is the hundred thousands digit of 458966?
4
What is the ten thousands digit of 181579?
8
What is the tens digit of 465397?
9
What is the hundred thousands digit of 139041?
1
What is the ten thousands digit of 19893214?
9
What is the hundreds digit of 319142?
1
What is the units digit of 7508802?
2
What is the ten thousands digit of 430471?
3
What is the tens digit of 96337?
3
What is the tens digit of 6732242?
4
What is the hundreds digit of 1319809?
8
What is the hundred thousands digit of 942747?
9
What is the thousands digit of 31299503?
9
What is the ten thousands digit of 2354122?
5
What is the tens digit of 891527?
2
What is the tens digit of 11527967?
6
What is the units digit of 157907?
7
What is the tens digit of 726974?
7
What is the tens digit of 4905580?
8
What is the hundreds digit of 204046?
0
What is the ten thousands digit of 281697?
8
What is the hundred thousands digit of 4001436?
0
What is the millions digit of 2808026?
2
What is the ten thousands digit of 778599?
7
What is the hundreds digit of 192917?
9
What is the tens digit of 3522188?
8
What is the units digit of 1488486?
6
What is the millions digit of 6599181?
6
What is the units digit of 57814?
4
What is the ten millions digit of 31954746?
3
What is the ten millions digit of 10030514?
1
What is the hundreds digit of 923379?
3
What is the thousands digit of 7354304?
4
What is the hundred thousands digit of 940655?
9
What is the ten thousands digit of 18584809?
8
What is the ten thousands digit of 4776495?
7
What is the ten thousands digit of 1101119?
0
What is the thousands digit of 9164568?
4
What is the thousands digit of 7518782?
8
What is the thousands digit of 1361524?
1
What is the tens digit of 58200?
0
What is the hundreds digit of 5234986?
9
What is the ten millions digit of 11674424?
1
What is the thousands digit of 6477251?
7
What is the ten thousands digit of 184905?
8
What is the units digit of 11857984?
4
What is the ten thousands digit of 478193?
7
What is the hundred thousands digit of 5889944?
8
What is the thousands digit of 13765115?
5
What is the hundreds digit of 1158686?
6
What is the ten thousands digit of 383565?
8
What is the thousands digit of 1047097?
7
What is the hundreds digit of 144828?
8
What is the ten thousands digit of 1152942?
5
What is the tens digit of 383488?
8
What is the thousands digit of 935144?
5
What is the thousands digit of 5549294?
9
What is the units digit of 438956?
6
What is the hundred thousands digit of 2048329?
0
What is the hundred thousands digit of 818574?
8
What is the millions digit of 1522579?
1
What is the tens digit of 3505620?
2
What is the units digit of 121082?
2
What is the units digit of 1345664?
4
What is the tens digit of 233799?
9
What is the hundred thousands digit of 2104916?
1
What is the thousands digit of 2735286?
5
What is the hundred thousands digit of 137772?
1
What is the hundred thousands digit of 1494575?
4
What is the tens digit of 1266916?
1
What is the millions digit of 2241983?
2
What is the tens digit of 2699441?
4
What is the units digit of 68641?
1
What is the hundreds digit of 284945?
9
What is the tens digit of 62928?
2
What is the units digit of 109453?
3
What is the ten thousands digit of 4793772?
9
What is the tens digit of 187550?
5
What is the ten thousands digit of 2619098?
1
What is the tens digit of 5826723?
2
What is the hundreds digit of 221413?
4
What is the units digit of 783314?
4
What is the hundred thousands digit of 395061?
3
What is the thousands digit of 308020?
8
What is the thousands digit of 630980?
0
What is the tens digit of 45969?
6
What is the millions digit of 9923780?
9
What is the units digit of 21254896?
6
What is the hundreds digit of 6074522?
5
What is the millions digit of 8369797?
8
What is the tens digit of 42003976?
7
What is the units digit of 1984419?
9
What is the hundreds digit of 10344470?
4
What is the ten thousands digit of 717012?
1
What is the tens digit of 1366311?
1
What is the hundreds digit of 651460?
4
What is the thousands digit of 179938?
9
What is the hundreds digit of 5747459?
4
What is the hundreds digit of 641453?
4
What is the hundreds digit of 339482?
4
What is the ten thousands digit of 501290?
0
What is the ten thousands digit of 14552456?
5
What is the hundred thousands digit of 573285?
5
What is the tens digit of 2304606?
0
What is the thousands digit of 699879?
9
What is the tens digit of 159840?
4
What is the hundred thousands digit of 338416?
3
What is the hundreds digit of 211495?
4
What is the units digit of 363828?
8
What is the ten thousands digit of 110536?
1
What is the units digit of 3784439?
9
What is the tens digit of 91970?
7
What is the units digit of 926577?
7
What is the thousands digit of 2006774?
6
What is the millions digit of 11490977?
1
What is the thousands digit of 19486?
9
What is the hundred thousands digit of 2095072?
0
What is the hundred thousands digit of 564177?
5
What is the thousands digit of 135935?
5
What is the millions digit of 26467827?
6
What is the tens digit of 311589?
8
What is the hundred thousands digit of 295917?
2
What is the hundred thousands digit of 14581774?
5
What is the hundreds digit of 721712?
7
What is the ten thousands digit of 322435?
2
What is the hundreds digit of 210808?
8
What is the thousands digit of 3867442?
7
What is the hundred thousands digit of 3895669?
8
What is the tens d